 + 25. What is the highest common divisor of n and 160?
5
Let b(z) = 6*z**2 + 2*z + 12. Let j be b(-7). Suppose -5*r + 5*x + 498 = x, -3*r + j = x. Calculate the highest common divisor of r and 14.
14
Suppose -4*y + 39 = -4*q - 1, 4*y - 8 = -4*q. What is the highest common divisor of y and 48?
6
Suppose -5*a - 2 = m, 2*m + 4*a + 9 = -a. Let t be (-5 - m) + (1 - 0). Let z be (-18)/(-4) - t/6. Calculate the greatest common divisor of z and 32.
4
Let j(f) = 2*f. Let s be j(2). Suppose 4*h - 2*h = 5*b - 25, s*h = 5*b - 15. What is the highest common factor of 14 and b?
7
Let x(m) = m**2 + 2*m - 59. Let u be x(-10). What is the highest common factor of 189 and u?
21
Let x be (-2 + -9)/((-10)/20). What is the highest common factor of 176 and x?
22
Suppose 0 = -v - 2*j + 6 - 3, 0 = 5*j + 20. Let n be -2 + v + 3/(-1). Suppose -n*p + 21 = -3*p. What is the highest common factor of 77 and p?
7
Let f be 102 - (-1)/((-2)/2). Let t = -61 + f. Let s be -15*((-12)/9)/2. Calculate the highest common divisor of s and t.
10
Suppose 5*v = -4*z + 10*v + 92, 3*z + 5*v = 34. What is the greatest common factor of z and 114?
6
Suppose 0 = -9*z + 98 + 496. Calculate the highest common divisor of 550 and z.
22
Let i be 52/(-13) + 0 + 38. Suppose 5*y + 4 + i = f, 4*f - 2*y - 62 = 0. What is the highest common factor of f and 117?
13
Suppose m = 3*l + 37, 2*l + 0*l - 56 = -3*m. Suppose 0 = 6*u - 8 - m. What is the highest common factor of u and 1?
1
Let t(p) = 10*p + 848. Let n be t(-61). What is the highest common divisor of 70 and n?
14
Suppose 0 = -2*d - 3*d + 15. Let j be 1 + (4*d - 0). Let s = 14 - j. Calculate the highest common divisor of 11 and s.
1
Let h(a) = -8*a + 14. Let i(n) = -15*n + 27. Let o(x) = 11*h(x) - 6*i(x). Let r be o(5). What is the greatest common factor of 1 and r?
1
Let f = -223 + 233. Calculate the highest common divisor of f and 105.
5
Suppose 2*q - 14 = 12. Suppose 5*f - q = 67. Let l = 8 + f. What is the highest common divisor of 264 and l?
24
Suppose 4*v + 5*g = 43, -5*v + 5*g = 2*g - 26. Let h = 37 - v. Let c(x) = 3*x - 3. Let k be c(5). What is the highest common factor of k and h?
6
Let m(c) = 18*c + 86. Let q be m(5). Let k = 17 - -5. What is the highest common factor of q and k?
22
Let f be 3/2*(-12)/(-2). Let v = -73 - -154. Calculate the greatest common divisor of f and v.
9
Suppose -w = 2*x - 112, -x - 4*w - 146 = -4*x. What is the greatest common divisor of x and 306?
18
Let h = 383 + 89. Calculate the highest common divisor of h and 177.
59
Let w be 8 + 24/(-8) - 1*-29. Calculate the highest common divisor of w and 272.
34
Let r(d) = -d + 12. Let a be r(12). Suppose 0 = -3*u - a*u - 3. Let v(g) = -89*g**3 + g**2. Let w be v(u). What is the greatest common factor of w and 10?
10
Let u(d) = 12*d**2 - 55*d + 2. Let o be u(-3). What is the highest common divisor of o and 11?
11
Suppose k = -9*k - 110. Let t be 2/k + 5404/77. What is the highest common divisor of t and 10?
10
Suppose 7 = 4*k - 2*i - 7, -4*k + 18 = 2*i. Let r(f) = 14*f**2 + 2*f - 15. Let s be r(k). Calculate the greatest common factor of s and 31.
31
Let n be 18/1 - (-6 + 9). Suppose n*y - 14*y = 62. What is the highest common divisor of 155 and y?
31
Let g(n) = -2*n + 24. Let z be g(6). What is the highest common divisor of z and 156?
12
Let i(t) = t**2 + 23*t + 57. Let m be i(-21). Suppose -4*h = -174 - 486. What is the highest common divisor of m and h?
15
Let p = 2815 - 2809. Let x be (-18)/(-4)*(-6)/(-9). Suppose x*h = 7 + 2. Calculate the highest common divisor of p and h.
3
Suppose -214 - 194 = -8*m. What is the highest common divisor of 663 and m?
51
Let o(n) = 2*n**3 - 6*n**2 + 9*n - 10. Let u be o(4). What is the highest common factor of u and 638?
58
Suppose 41*w - 1254 = 8*w. Calculate the highest common divisor of 1634 and w.
38
Let h be 198/4*((-85)/(-15) + -3). Calculate the highest common factor of 30 and h.
6
Let s = 13 + -11. Suppose 5*c = -i - i + 70, -26 = -i + s*c. Calculate the highest common divisor of 30 and i.
30
Suppose -5*u = -5*x - 310, -23 = 2*u - 4*x - 155. Suppose r - 5 = u. What is the greatest common factor of 7 and r?
7
Suppose 4*a + 4 = 0, 0 = -b - 0*b - 3*a + 5. Let v = 10 + b. Suppose -3*n - 3*t - t + 4 = 0, 0 = n - 2*t - v. Calculate the highest common factor of 56 and n.
8
Let r = -45 - -65. Suppose -2*w = -f + 5*f - 16, 5*f = -3*w + r. Calculate the greatest common divisor of f and 10.
2
Let t be -6 + (1 - -2) + 0 - -8. Suppose -176 = -3*n - t*n. What is the greatest common divisor of 33 and n?
11
Let o be 160/(-60) + (-1510)/(-6). Calculate the greatest common factor of 581 and o.
83
Let r = 266 - 150. What is the greatest common divisor of r and 87?
29
Suppose -3*y - 94 = -4*s - y, 2*s - 3*y = 57. What is the highest common factor of s and 1?
1
Let f = 30 - 37. Let t(k) = 2*k**3 + 16*k**2 + 10*k - 2. Let n be t(f). Let s be (0 + 2)/((-2)/(-52)). Calculate the greatest common divisor of s and n.
26
Suppose 1 + 5 = 2*q - 4*g, -4*g = q - 3. Let h be ((-10)/(-6))/(q/45). What is the greatest common factor of h and 100?
25
Let d be 125/(-50) - 341/(-2). What is the highest common factor of d and 63?
21
Suppose -8*t = -52 + 4. Let h(f) = -4*f**2 - 2*f. Let u be h(2). Let o be u/(-30) + 1/3. What is the greatest common factor of t and o?
1
Suppose p - 2*l = 78, -3*p - l = -4*p + 73. Calculate the highest common divisor of 51 and p.
17
Let h be (-2 + 36)/(-3 - (-10 + 5)). Let t be 140 + -4*(-1 + 2). What is the highest common factor of t and h?
17
Suppose l + 2*g + 10 = 3, 0 = 2*l + 5*g + 16. Let c(t) = 20*t**2 + 6*t + 6. Let a be c(l). What is the highest common divisor of 21 and a?
21
Let f be -1 - (-6 - 10/(-5)). Suppose 19 - 22 = -b. Calculate the highest common divisor of f and b.
3
Let b = -162 - -161. Let t be (b + 38/14)/(2/35). Let v be (-1678)/(-8) + 2/8. Calculate the highest common divisor of v and t.
30
Let k be (-2)/(-6) - 165/(-45). Suppose -19 + k = -3*r. Suppose -r*w + 48 = -2*w. What is the highest common factor of 128 and w?
16
Let p = 88 - 85. Suppose p*w = -2*u + 37 - 11, 2*u - 4*w = 40. Calculate the highest common factor of 8 and u.
8
Suppose 3*g + 2748 = 7*g. Suppose 3*t - 3*i + 6*i - 663 = 0, 3*i + g = 3*t. What is the highest common factor of 25 and t?
25
Suppose 0 = 2*y + n - 7, -n = -y + 6*y - 19. What is the highest common divisor of y and 3?
1
Let a = -59 + 64. Suppose 0 = -a*i + 6*i - 66. Let d be (-3)/2*(-88)/3. Calculate the greatest common divisor of d and i.
22
Let f be 62/8 + (-1)/(-4). Suppose -3*l = 4*l - 14. Let k be (-2)/(-4) + 15/l. What is the greatest common divisor of f and k?
8
Suppose -3*z + 270 - 45 = 0. What is the greatest common divisor of z and 175?
25
Let f = 12 + -13. Let u(x) = -4*x. Let b be u(f). Suppose -2*c = -4*k - 204, b*k - 68 + 382 = 3*c. What is the highest common divisor of c and 10?
10
Let k(p) = 15*p - 1. Let r be k(1). Suppose 0 = -4*c - 2*n + 534 + 20, 0 = 4*n + 12. Calculate the highest common divisor of r and c.
14
Suppose 0 = -12*c + 6*c + 48. Suppose 8 = 2*j - c. Calculate the highest common divisor of 64 and j.
8
Let d be ((-3)/6)/(2/64). Let h = 22 + d. Calculate the greatest common factor of h and 66.
6
Suppose 57 = 2*g - 79. Let c = g + -28. Suppose 0 = -86*f + 87*f - 10. What is the greatest common factor of c and f?
10
Let b be (-10)/(-5) - (1 + -10 + -1). Calculate the highest common divisor of b and 84.
12
Suppose 0 = 4*m - 42 - 150. Let j(d) be the third derivative of -7*d**4/8 - 2*d**3 + 2*d**2. Let i be j(-4). Calculate the highest common divisor of m and i.
24
Suppose -8*z = -11*z - 7*z. Suppose z = r + 8*r - 558. What is the greatest common divisor of 155 and r?
31
Suppose 385*i + 180 = 387*i. What is the highest common factor of 60 and i?
30
Let o be -25*-2*2/10. Suppose -5 + 1 = 2*u. Let m(h) = -12*h**3 + 5*h**2 - 6. Let n be m(u). What is the highest common factor of o and n?
10
Let q(k) = -165*k + 510. Let o be q(3). What is the greatest common divisor of 2235 and o?
15
Let o = -340 + 452. Suppose 2*j = j + 5. Suppose 4*g - 112 = -5*z, -z - 20 - 120 = -j*g. What is the greatest common divisor of o and g?
28
Let k be 2720/102*408/10. Calculate the highest common divisor of k and 64.
64
Suppose -3*c = -11 - 7. Let j(l) = -3*l**2 + 3*l**3 - 3*l +